u(x) = 41*x**2 + x + 3. Let o be u(4). Let l be o/12 - 1/4. Suppose -l - 36 = -a. Is a prime?
False
Suppose -16 = 4*x, 3*b + 2*x + 2*x = 2. Let m = 8 - b. Suppose m*o + 2*p = 3*p + 38, 2*o - 38 = 5*p. Is o a composite number?
False
Let a(r) = r + 2. Let y be a(11). Let t = -2 + y. Is t a composite number?
False
Let g(f) = f**2 + 3*f - 3. Let u be g(-6). Let c(p) = 13*p + u*p - 5 + 2. Is c(2) a composite number?
False
Let c(t) = 2*t - 5. Let k be c(6). Is (0 - -216) + -6 + k composite?
True
Let w(l) = l**3 + 5*l**2 - l - 5. Let h = 5 - 16. Let o(s) = -s**3 - 12*s**2 - 11*s - 4. Let u be o(h). Is w(u) prime?
False
Let y = -62 - 103. Let z = y - -326. Is z a prime number?
False
Let o = 10 - -8. Suppose 5*l - o = 2*l. Let a = l - -15. Is a prime?
False
Let r(x) = -x - 5. Let y be r(-7). Is (-3423)/(-27) - y/(-9) a composite number?
False
Let u be 6*((-5)/2 + 3). Suppose -6*i - u*a + 380 = -i, 0 = i - 4*a - 76. Suppose 4*z - i = -0*z. Is z prime?
True
Suppose 10 = 2*v - 5*s, 4 = -v + 2*s + 9. Let g(n) = v + n + n + n**2 + n. Is g(-5) a composite number?
True
Suppose -x = -6*x + 2435. Is x composite?
False
Is 6/3*(-79)/(-2) a composite number?
False
Let d(l) = -l**3 + 9*l**2 - l - 8. Let x be d(7). Suppose 3*i - 55 = x. Is i composite?
True
Is (173/(-2) - 0)*-10 a composite number?
True
Suppose -2*u + 82 = 2*m, 4*m + 8*u = 3*u + 163. Suppose 3*c + 9 - m = 0. Is c a composite number?
False
Is 8/(-28) + 32/14 composite?
False
Let i(x) = 13*x**2 + x + 1. Let n = 0 - 2. Is i(n) composite?
True
Let x(p) = p**2 + 36. Let v(j) = -j**3 - 5*j**2 - j - 5. Let f be v(-5). Let a be x(f). Is (-274)/(-18) - 8/a a prime number?
False
Let u(w) = -2*w - 15. Let c be u(-10). Suppose 0 = -0*b - c*b + 725. Is b a composite number?
True
Let z(l) = -2*l**2 - 16*l + 1. Let h(n) = n**2 + 16*n. Let u(f) = -3*h(f) - 4*z(f). Is u(13) composite?
False
Suppose 0 = -5*o - 5*c + 425, -3*c - 62 = -3*o + 193. Is o a composite number?
True
Let k(x) = -26*x - 55. Is k(-12) prime?
True
Let w = -43 - -165. Is w a composite number?
True
Suppose -3*j + 5*p = -468, p = 2*p - 3. Is j prime?
False
Suppose -q = -3 + 1. Is 2442/q*7/21 a composite number?
True
Let l(p) = 244*p - 1. Is l(5) a composite number?
True
Is (7/14)/(3/474) composite?
False
Let c(q) = -q**2 + 1. Let u be c(1). Let a(i) = -i**2 + 5. Let p be a(u). Suppose -5*z = 2*w + 4, 0 = -p*w + 4*z + 29 - 6. Is w composite?
False
Let p = 360 - 53. Is p prime?
True
Let i(u) = u**2 - 8*u - 7. Let c be i(9). Suppose -310 - 72 = -c*r. Is r composite?
False
Suppose -12 = -i - 3*i. Let u = -244 + 354. Suppose 8*b - u = i*b. Is b composite?
True
Is 1/((-6)/(-12)*(-2)/(-853)) a composite number?
False
Let t(h) = 6*h - 4. Suppose -r - 11 - 1 = -3*u, -26 = -2*r - 4*u. Is t(r) composite?
True
Let r be (-2)/(-7) - 92/28. Is (-1)/(r + (-1276)/(-426)) a prime number?
False
Suppose -5*t = -8*t. Suppose t = 4*w - 194 - 146. Is w a prime number?
False
Let c(h) = -6*h**2 - h + 8. Let s be c(-7). Let o = 392 + s. Is o prime?
True
Suppose -2*g + 106 = 2*i, 6*g - 215 = -4*i + 3*g. Suppose -9 = 3*r, 0 = a + r + 16 - i. Is a composite?
False
Suppose 0 = -4*y - v + 3456, 0*y = 4*y - 5*v - 3432. Is y a prime number?
True
Is (-723)/(-5) - ((-6)/(-10) + -1) composite?
True
Suppose 435 = 2*d + 3*d. Is d prime?
False
Suppose -4*l = -5 - 11. Suppose 428 = l*w - 48. Is w prime?
False
Suppose 4*l - 2308 + 117 = -3*h, -h + 4*l = -757. Is h a composite number?
True
Let z = 541 + -279. Suppose -w + z = w. Is w a composite number?
False
Let v(n) = n + 37 + n**2 - n. Is v(0) a prime number?
True
Suppose 4*d - 19 = 3*v + 75, -d + 21 = -2*v. Let g be (72/(-5))/((-5)/d). Let b = g - 26. Is b prime?
False
Suppose k = -0*k + 5*i + 58, 2*k + 5*i - 56 = 0. Is 15/(-6)*k/(-5) a prime number?
True
Suppose m - 2 = 6*t - 4*t, 5*t + 4*m = -5. Let v be (0 + t + -1)*-35. Suppose 4*u - v = -2*j, 3*j + 22 - 127 = -u. Is j composite?
True
Suppose 10*x - 7*x = 1131. Is x a composite number?
True
Let l(b) = 1. Let i(x) = x**2 - 2*x + 5. Let p(k) = i(k) + 6*l(k). Is p(14) prime?
True
Let y(b) = -b - 5. Let q be y(-6). Is (q/1)/((-1)/(-9)) a prime number?
False
Let p = 411 - 255. Let s = p - -47. Is s a prime number?
False
Suppose -2*c - 1 = -5. Let m = 2 + c. Suppose 4*d + 0*r + 3*r = 27, 3*d - r = m. Is d composite?
False
Let y(u) = -u**2 - 11*u + 4. Let l be y(-11). Suppose 0 = l*d - 4*o - 40, 49 = 4*d - 2*o + 7*o. Is d a prime number?
True
Suppose o = 2*o - 1. Suppose -2*s + o = c, -s - 2*s = 4*c + 1. Is (111/6)/(c/(-2)) a composite number?
False
Suppose 2*f = 6*f - 8. Suppose f*m = 5*m - 3. Is (-2 - m*-35) + 2 composite?
True
Let c = 76 + -45. Is c prime?
True
Suppose 44 = -0*u - u. Let z be u/(-8) - 2/4. Suppose -z*p = -293 - 122. Is p composite?
False
Let z(c) = -4*c**3 + 3*c**2 + 8*c - 2. Let q(h) = 5*h**3 - 4*h**2 - 9*h + 1. Let w(o) = 5*q(o) + 6*z(o). Suppose -i + 1 + 4 = 0. Is w(i) prime?
True
Let t(j) = 5*j**2 - 10*j - 10. Is t(-7) composite?
True
Let b(v) = 20*v + 5. Is b(4) a composite number?
True
Suppose 2*n - 22 = -4. Let f = 32 - n. Is f a composite number?
False
Let g be 8*(3 - 7/4). Is 1/5 + 668/g prime?
True
Let g(o) = -o**3 + 7*o**2 + 8*o - 2. Let w be g(6). Suppose 4*h + 59 = f, -2*f + h = 2*h - w. Is f prime?
True
Suppose -1525 = -3*t - 5*b + 671, 0 = -t - 2*b + 731. Is t a composite number?
True
Let u(b) be the first derivative of 8*b**2 - 2*b + 1. Is u(3) prime?
False
Suppose -5*l + 3*q = 2 + 1, 3*l + 5*q + 29 = 0. Is (l - -3)/(-2) - -43 prime?
True
Let l be (-3 - -6)/(6/(-44)). Let v = l + 87. Let z = 156 - v. Is z composite?
True
Suppose -3*c = -8*c + 295. Is c prime?
True
Let w(g) be the second derivative of -g**5/20 - 5*g**4/12 - 5*g**3/6 + 3*g**2 - g. Is w(-5) a composite number?
False
Let v(w) = w**3 - 9*w**2 + w - 7. Suppose i + 2*i = 27. Let l be v(i). Is 37/(6/2 - l) composite?
False
Is ((-17)/(-3))/(5/555) a prime number?
False
Let a(i) = 3*i - 3. Let z be a(4). Suppose -5*y = -16 - z, 3*s = -4*y + 29. Suppose -2*q + 92 = 4*p, 0 = -s*p + q - 23 + 92. Is p composite?
False
Let v(t) = t**2 - 2*t - 2. Let a be v(4). Let c(x) = 26*x - 7. Is c(a) a prime number?
True
Is (0/(-1) - -1)*278/2 a composite number?
False
Is 1063 + 1 - (3 - 6) a prime number?
False
Suppose 0 = -79*t + 84*t - 2935. Is t prime?
True
Let c = 1858 - 275. Is c a prime number?
True
Suppose 2*g - 8 = 2. Suppose -4*r - 4 = -f, -16 = -4*f + r - g*r. Suppose 0 = c - 4*y - 49, -3*c + 93 + 54 = f*y. Is c composite?
True
Let f = 155 + -102. Is f a composite number?
False
Let p(x) = 2*x**2 - 2*x. Let h be p(2). Let y = h + 15. Is y prime?
True
Suppose 13*i - 4010 = 3*i. Is i a prime number?
True
Suppose 42 = -12*n + 13*n. Suppose 3*f - n = f. Is f composite?
True
Let d be (-8)/20 + 4/10. Suppose 5*f - 21 + 6 = d. Suppose 2*k - 30 = -f*k. Is k prime?
False
Let i(z) = 9*z**2 - 9*z + 2 + z**3 + 10 - 2*z**3. Let d be i(8). Suppose -d*v + 51 = -137. Is v prime?
True
Suppose -391 = -5*a - 2*o, -5*a - 4*o + 486 = 89. Let u = -46 + a. Is u a prime number?
True
Let l(h) = -21*h**2 + 4. Let m be l(3). Let j = m + 296. Is j a prime number?
False
Let m(d) = 3*d**3 + 6*d**2 - 2*d**3 + d**3 - 6 - d**3 - 2*d. Let b be m(-6). Suppose b*c - 96 = -2*x + 3*c, -x - c + 49 = 0. Is x a prime number?
False
Let z = -4 + 6. Suppose -9 + 3 = -3*c - 3*b, -4*b = -4*c + 32. Suppose -4*k + 616 = -v, 0*k - c*k + 783 = z*v. Is k a composite number?
True
Let j = -2 + 5. Suppose j*u + 26 = t, -t - t = -10. Is 2/u + (-163)/(-7) a prime number?
True
Let k = 4406 + -2845. Is k a prime number?
False
Let j(s) = -s**3 - 7*s**2 - 4*s - 7. Let n be j(-7). Suppose 3*f = 6*f - n. Is f a composite number?
False
Suppose -38 = -4*b + 2*b + 4*s, 0 = -b + 5*s + 16. Suppose 0 = -3*w - 5*p + 588, b = w - 5*p - 155. Is w prime?
True
Is 1045/7 + (-4)/14 prime?
True
Suppose -2*w - 4*u + 994 = 0, 3*w + 0*w = -4*u + 1485. Is w a prime number?
True
Let l(g) = 69*g**3 + 2*g**2 - 1. Let k be l(1). Suppose -4*q + 33 = -27. Let j = k - q. Is j a composite number?
True
Suppose 53 = 2*q - s - 145, 5*s - 368 = -4*q. Suppose -h - q = -299. Is h composite?
True
Let v(g) = 37*g**3 + g**2 - 3*g - 3. Is v(2) a composite number?
True
Let y be (69/4)/1*4. Suppose -u + n + 32 = 0, 2*u = n - 0*n + y. Is u a prime number?
True
Let q = -229 + 480. Is q composite?
Fa